{"id":15043,"date":"2026-03-03T14:26:24","date_gmt":"2026-03-03T14:26:24","guid":{"rendered":"https:\/\/munichilca.gob.pe\/site\/?page_id=15043"},"modified":"2026-04-15T18:02:36","modified_gmt":"2026-04-15T18:02:36","slug":"mision-y-vision","status":"publish","type":"page","link":"https:\/\/munichilca.gob.pe\/site\/mision-y-vision\/","title":{"rendered":"Mision y Vision"},"content":{"rendered":"\t\t<div data-elementor-type=\"wp-page\" data-elementor-id=\"15043\" class=\"elementor elementor-15043\" data-elementor-post-type=\"page\">\n\t\t\t\t<div class=\"elementor-element elementor-element-091a0c7 e-flex e-con-boxed e-con e-parent\" data-id=\"091a0c7\" data-element_type=\"container\" data-e-type=\"container\" data-settings=\"{&quot;background_background&quot;:&quot;classic&quot;}\">\n\t\t\t\t\t<div class=\"e-con-inner\">\n\t\t\t\t<div class=\"elementor-element elementor-element-7378316 elementor-headline--style-highlight elementor-widget elementor-widget-animated-headline\" data-id=\"7378316\" data-element_type=\"widget\" data-e-type=\"widget\" data-settings=\"{&quot;marker&quot;:&quot;underline&quot;,&quot;highlighted_text&quot;:&quot;Calidad de  vida para Todos&quot;,&quot;highlight_animation_duration&quot;:4000,&quot;highlight_iteration_delay&quot;:1000,&quot;headline_style&quot;:&quot;highlight&quot;,&quot;loop&quot;:&quot;yes&quot;}\" data-widget_type=\"animated-headline.default\">\n\t\t\t\t<div class=\"elementor-widget-container\">\n\t\t\t\t\t\t\t<h2 class=\"elementor-headline\">\n\t\t\t\t<span class=\"elementor-headline-dynamic-wrapper elementor-headline-text-wrapper\">\n\t\t\t\t\t<span class=\"elementor-headline-dynamic-text elementor-headline-text-active\">Calidad de  vida para Todos<\/span>\n\t\t\t\t<\/span>\n\t\t\t\t<\/h2>\n\t\t\t\t\t\t<\/div>\n\t\t\t\t<\/div>\n\t\t\t\t\t<\/div>\n\t\t\t\t<\/div>\n\t\t<div class=\"elementor-element elementor-element-a26e179 e-grid e-con-boxed e-con e-parent\" data-id=\"a26e179\" data-element_type=\"container\" data-e-type=\"container\" data-settings=\"{&quot;background_background&quot;:&quot;classic&quot;}\">\n\t\t\t\t\t<div class=\"e-con-inner\">\n\t\t<div class=\"elementor-element elementor-element-d50753c e-con-full e-flex e-con e-child\" data-id=\"d50753c\" data-element_type=\"container\" data-e-type=\"container\" data-settings=\"{&quot;background_background&quot;:&quot;classic&quot;}\">\n\t\t\t\t<div class=\"elementor-element elementor-element-ccc8f82 elementor-widget elementor-widget-text-editor\" data-id=\"ccc8f82\" data-element_type=\"widget\" data-e-type=\"widget\" data-widget_type=\"text-editor.default\">\n\t\t\t\t<div class=\"elementor-widget-container\">\n\t\t\t\t\t\t\t\t\t<h2><span style=\"color: #000000;\"><strong>MISI\u00d3N<\/strong><\/span><\/h2><p style=\"text-align: center;\"><span style=\"color: #000000;\">Somos una entidad encargada de proveer bienes y servicios, impulsando al desarrollo integral de la poblaci\u00f3n del distrito de Chilca a trav\u00e9s de la generaci\u00f3n de valor p\u00fablico, mediante una gesti\u00f3n eficiente, transparente y moderna.<\/span><\/p>\t\t\t\t\t\t\t\t<\/div>\n\t\t\t\t<\/div>\n\t\t\t\t<\/div>\n\t\t\t\t<div class=\"elementor-element elementor-element-16e722c elementor-widget elementor-widget-image\" data-id=\"16e722c\" data-element_type=\"widget\" data-e-type=\"widget\" data-widget_type=\"image.default\">\n\t\t\t\t<div class=\"elementor-widget-container\">\n\t\t\t\t\t\t\t\t\t\t\t\t\t\t\t<img fetchpriority=\"high\" decoding=\"async\" width=\"300\" height=\"200\" src=\"https:\/\/munichilca.gob.pe\/site\/wp-content\/uploads\/2026\/02\/pexels-photo-8553867-8553867-300x200.jpg\" class=\"attachment-medium size-medium wp-image-14479\" alt=\"A joyful group of diverse colleagues high-fiving each other in an office, symbolizing teamwork and collaboration.\" srcset=\"https:\/\/munichilca.gob.pe\/site\/wp-content\/uploads\/2026\/02\/pexels-photo-8553867-8553867-300x200.jpg 300w, https:\/\/munichilca.gob.pe\/site\/wp-content\/uploads\/2026\/02\/pexels-photo-8553867-8553867-1024x683.jpg 1024w, https:\/\/munichilca.gob.pe\/site\/wp-content\/uploads\/2026\/02\/pexels-photo-8553867-8553867-768x512.jpg 768w, https:\/\/munichilca.gob.pe\/site\/wp-content\/uploads\/2026\/02\/pexels-photo-8553867-8553867-1536x1024.jpg 1536w, https:\/\/munichilca.gob.pe\/site\/wp-content\/uploads\/2026\/02\/pexels-photo-8553867-8553867-2048x1365.jpg 2048w\" sizes=\"(max-width: 300px) 100vw, 300px\" \/>\t\t\t\t\t\t\t\t\t\t\t\t\t\t\t<\/div>\n\t\t\t\t<\/div>\n\t\t<div class=\"elementor-element elementor-element-80a53c0 e-con-full e-flex e-con e-child\" data-id=\"80a53c0\" data-element_type=\"container\" data-e-type=\"container\" data-settings=\"{&quot;background_background&quot;:&quot;classic&quot;}\">\n\t\t\t\t<div class=\"elementor-element elementor-element-b7d1ff5 elementor-widget elementor-widget-text-editor\" data-id=\"b7d1ff5\" data-element_type=\"widget\" data-e-type=\"widget\" data-widget_type=\"text-editor.default\">\n\t\t\t\t<div class=\"elementor-widget-container\">\n\t\t\t\t\t\t\t\t\t<h2 style=\"text-align: center;\"><span style=\"color: #000000;\"><strong>VISION<\/strong><\/span><\/h2><p style=\"text-align: center;\"><span style=\"color: #000000;\">Al 2026 ser una municipalidad referente por brindar calidad de vida a todos sus ciudadanos.<\/span><\/p>\t\t\t\t\t\t\t\t<\/div>\n\t\t\t\t<\/div>\n\t\t\t\t<\/div>\n\t\t\t\t\t<\/div>\n\t\t\t\t<\/div>\n\t\t\t\t<\/div>\n\t\t","protected":false},"excerpt":{"rendered":"<p>Calidad de vida para Todos MISI\u00d3N Somos una entidad encargada de proveer bienes y servicios, impulsando al desarrollo integral de la poblaci\u00f3n del distrito de Chilca a trav\u00e9s de la generaci\u00f3n de valor p\u00fablico, mediante una gesti\u00f3n eficiente, transparente y moderna. VISION Al 2026 ser una municipalidad referente por brindar calidad de vida a todos [&hellip;]<\/p>\n","protected":false},"author":1,"featured_media":0,"parent":0,"menu_order":0,"comment_status":"closed","ping_status":"closed","template":"elementor_header_footer","meta":{"footnotes":""},"class_list":["post-15043","page","type-page","status-publish","hentry"],"blocksy_meta":[],"rttpg_featured_image_url":null,"rttpg_author":{"display_name":"dev","author_link":"https:\/\/munichilca.gob.pe\/site\/author\/dev\/"},"rttpg_comment":0,"rttpg_category":null,"rttpg_excerpt":"Calidad de vida para Todos MISI\u00d3N Somos una entidad encargada de proveer bienes y servicios, impulsando al desarrollo integral de la poblaci\u00f3n del distrito de Chilca a trav\u00e9s de la generaci\u00f3n de valor p\u00fablico, mediante una gesti\u00f3n eficiente, transparente y moderna. VISION Al 2026 ser una municipalidad referente por brindar calidad de vida a todos&hellip;","_links":{"self":[{"href":"https:\/\/munichilca.gob.pe\/site\/wp-json\/wp\/v2\/pages\/15043","targetHints":{"allow":["GET"]}}],"collection":[{"href":"https:\/\/munichilca.gob.pe\/site\/wp-json\/wp\/v2\/pages"}],"about":[{"href":"https:\/\/munichilca.gob.pe\/site\/wp-json\/wp\/v2\/types\/page"}],"author":[{"embeddable":true,"href":"https:\/\/munichilca.gob.pe\/site\/wp-json\/wp\/v2\/users\/1"}],"replies":[{"embeddable":true,"href":"https:\/\/munichilca.gob.pe\/site\/wp-json\/wp\/v2\/comments?post=15043"}],"version-history":[{"count":108,"href":"https:\/\/munichilca.gob.pe\/site\/wp-json\/wp\/v2\/pages\/15043\/revisions"}],"predecessor-version":[{"id":19132,"href":"https:\/\/munichilca.gob.pe\/site\/wp-json\/wp\/v2\/pages\/15043\/revisions\/19132"}],"wp:attachment":[{"href":"https:\/\/munichilca.gob.pe\/site\/wp-json\/wp\/v2\/media?parent=15043"}],"curies":[{"name":"wp","href":"https:\/\/api.w.org\/{rel}","templated":true}]}}